 17*r - 15. Let o(t) = 2*t**3 - 27*t**2 + 34*t - 30. Let i(l) = 2*o(l) - 5*w(l). What is the tens digit of i(9)?
2
Let c(d) = 18*d + 2*d + 3*d**3 - 2*d**3 - 24*d**2 - 16 + 4*d**2. Let x be c(19). Suppose -4*w + 4*g + 36 = 0, -w - x*g = -g - 9. What is the units digit of w?
9
Let d(t) = 130*t + 65. What is the units digit of d(13)?
5
Suppose 4 = -o + 2, 3*j + 2*o - 9494 = 0. What is the units digit of j?
6
Let z(d) = d**2 + 20*d - 47. Let j be z(-22). What is the tens digit of 217 + 0 - (j - -3 - 2)?
1
Let t(n) = 2*n + 2*n**2 + 2*n**2 - 11*n - 16. What is the units digit of t(9)?
7
Let u(d) = -2*d**2 - 21*d + 23. Let c(n) = -n**2 - 10*n + 14. Let g be c(-12). What is the tens digit of u(g)?
3
Suppose -4*p = -b - 9, 2*b + 10 = -0*b. Let m be (10 - 11)/(0 + p). What is the units digit of 0/m + 3 - -9?
2
Let y be ((-21)/14)/(3/4). What is the hundreds digit of (21/y)/3*(-15 + -33)?
1
Suppose -20 - 64 = -r. Suppose -2*n = -r + 14. Suppose -5*y - z = 4*z - 105, 3*y - 4*z = n. What is the tens digit of y?
1
Let o(a) = 2*a**2 + 27*a - 5. Let t be o(-15). Let u = 82 - t. What is the units digit of u?
2
Let p(z) = -6*z - 6. Let b = 9 - 13. What is the units digit of p(b)?
8
Let b be 7 + 8/(-12)*3. Let s(n) = n**3 - 2*n**2 + 6*n - 5. What is the hundreds digit of s(b)?
1
Let u = 65 + -56. What is the units digit of u?
9
Suppose -2*z - 15*x = -16*x - 1966, 0 = 2*z + x - 1958. What is the hundreds digit of z?
9
Suppose -c + 41 = v + 2*v, 5*c + 4*v - 172 = 0. Suppose 5*i - 7*i = -c. What is the tens digit of i?
1
Let i = 1 + 4. Suppose -i*u = 4*j - 7*j - 12, 5*j + 20 = -3*u. Suppose -q = 3*t - 4, u*q + 5*t = 4*q - 84. What is the units digit of q?
6
Let c = -12 + 10. Let p = c + 5. Suppose -74 = -3*h - a, 82 = 6*h - p*h - a. What is the tens digit of h?
2
Let q = 8 + -2. Suppose -5*o + 4 - 42 = 4*t, 2*o - 3*t = -q. What is the units digit of (6 - 9)/(o/52)?
6
Let v be -3*(1 - 4/12). What is the units digit of v/(-5) - (-1092)/20?
5
Let d(g) = 5*g - 3. Let t = 68 + -61. What is the units digit of d(t)?
2
Let y(a) = -2*a**2 + 2*a + 1. Let r be y(5). Let t = r - -143. What is the units digit of t?
4
Suppose 0 = -0*j + 5*j - b - 283, -b - 171 = -3*j. Suppose 0*t + 2*t = j. What is the units digit of t?
8
Suppose 2*t - 3 = 5. Suppose 6*c - 1048 = 2*c + t*i, 257 = c - 2*i. What is the hundreds digit of c?
2
Let w(k) be the second derivative of -k**5/20 + k**4/12 + 19*k**2/2 - k. Suppose 4*f = 5*f - 3*f. What is the units digit of w(f)?
9
Let s(z) = 2*z**2 + 9*z + 4. Let r be (10 + -2)/(1 + -2). What is the tens digit of s(r)?
6
Suppose -3*f + 313 = 4*y, 0 = -3*y - y - 5*f + 311. Suppose -469 = -5*l - y. What is the units digit of l?
8
Suppose -2*r - 8 = -0*y + y, 15 = -5*r. Let q be (-16)/y + (-1 - 2). Let s = 43 - q. What is the tens digit of s?
3
Let t = 23 - 23. Suppose t = -2*a, -a - 32 = 2*l - 6*l. What is the units digit of l?
8
Suppose -5*a + 5*d + 11030 = 0, -3*a + 2*d + 1890 = -4723. What is the thousands digit of a?
2
Let t(c) = 67*c**2 + 14*c + 67. What is the tens digit of t(-6)?
9
Suppose -2*j = -4*n + 6904, -4*n - 2*j = -2*n - 3446. What is the thousands digit of n?
1
Suppose 0 = c - 3*c + 2*m + 58, c - 34 = -4*m. Let z = c + -36. What is the tens digit of (z/8)/(6/(-384))?
4
Let c be (-6 + 6)/((-2)/2). Let d(k) be the first derivative of -k**3/3 - k**2/2 + 14*k + 2. What is the tens digit of d(c)?
1
Suppose 21*r + r - 27676 = 0. What is the tens digit of r?
5
Let h be 16/1 - (-3)/6*-4. Suppose 18*b = h*b + 196. What is the units digit of b?
9
Suppose 33*j = 36*j - 2*v - 2446, 3*j - 4*v = 2438. What is the hundreds digit of j?
8
Suppose 11*v - 32751 = 12327. What is the tens digit of v?
9
Suppose -p - 2514 = -4*s, 0 = -2*p - 44 + 40. What is the units digit of s?
8
Suppose -2*g + 161 + 188 = 3*r, -5*g + 3*r = -820. Suppose 2*k - 49 = g. What is the units digit of k?
8
Let k = -2450 - -5164. What is the hundreds digit of k?
7
Let z(c) = 2*c**3 + 3*c**2 + 4*c + 10. Let d(w) = 6*w**3 + 8*w**2 + 11*w + 29. Let x(t) = -3*d(t) + 8*z(t). What is the tens digit of x(-3)?
5
Suppose 0 = 231*m - 232*m + 531. What is the units digit of m?
1
Let x(c) be the first derivative of c**5/20 + 7*c**4/12 - c**3/6 - c**2 + 15*c + 2. Let d(r) be the first derivative of x(r). What is the units digit of d(-5)?
3
Suppose 0*z = -2*z - 5*c - 83, 0 = -3*c - 15. Let s = -79 - -153. Let v = s + z. What is the tens digit of v?
4
Let x be -1 + 5 + -1 - -3. Suppose -3*r - 3*k = -3, 4*k + 10 = -3*r + x*r. Suppose -4*h + r*o + 223 = -3*o, 4*h = 4*o + 220. What is the tens digit of h?
5
Let x(l) = 27*l + 22. Let k be x(10). Suppose -2*r - 215 = -y, -k - 718 = -5*y - 3*r. What is the tens digit of y?
0
Suppose 2019 = 3*b - w, -5*b - 1176 + 4543 = -w. What is the tens digit of b?
7
Let a(o) = -2*o**3 - 5*o**2 + 4*o + 5. Let v(n) be the first derivative of n**2 - 6. Let f be v(-2). What is the tens digit of a(f)?
3
Suppose -s - 12 = -4*s. Let j be (s/10)/(5/75). Suppose 0 = j*c - 5*c - 12. What is the units digit of c?
2
Let c(z) = -z**3 - 24*z**2 + 32*z - 23. What is the tens digit of c(-26)?
9
Let u be (36/8)/(1/(-2)). Let p(v) = -11*v + 50. What is the units digit of p(u)?
9
Suppose 0 = 4*t - 6606 + 1594. Suppose 8*d = 51 + t. What is the hundreds digit of d?
1
Suppose -203 = -4*t + u - 39, 5*t - 184 = -4*u. What is the tens digit of (5*t)/(-4)*-1?
5
Suppose -4*f = -m + 639 - 2337, 852 = 2*f + m. What is the hundreds digit of f?
4
Suppose 3*u = 2*w - 8, -w + 5*u + 2 + 2 = 0. Suppose -w*g = g - 1455. Suppose -91 = 4*a - b - g, -3*b - 150 = -3*a. What is the tens digit of a?
5
Let s = 101 + -96. Suppose -352 + 37 = -s*a. What is the tens digit of a?
6
Let z(j) be the first derivative of j**3/3 - 2*j**2 + 4*j - 2. Let b be z(4). Suppose d = 3*w - b*d - 78, -3*w - d + 78 = 0. What is the tens digit of w?
2
Suppose 9018 - 1810 = 8*k. What is the units digit of k?
1
Let t(g) = 872*g**2 + 6*g + 4. What is the units digit of t(1)?
2
Let l be 13/104 + (-199)/(-8). Suppose -5*b + l = o, 4*o + 1 - 5 = 4*b. Suppose -3*q - 28 = -6*q - i, 4 = q - o*i. What is the units digit of q?
9
Let s be 0*(2 - -1)/6. Let o(h) = -h + 16. Let r be o(s). Suppose -2*a + 5*b + 2 + 52 = 0, -4*b = r. What is the units digit of a?
7
What is the tens digit of 3 - (1 + (-410 - -5))?
0
What is the tens digit of ((-24)/(-6))/(-4) - (-89 + -1)?
8
What is the hundreds digit of (-1)/(2*1/(-318))?
1
Let t(j) = 5*j**2 + 61*j - 92. What is the units digit of t(-29)?
4
Suppose -4*i = -3*o + 1619, -i - 2*i = -3*o + 1623. What is the units digit of o?
5
Let o = 19 + -14. Suppose -25 = 2*y + o*z, 3*y + 4*z + 17 = -10. What is the units digit of (28 + y)/(2/2)?
3
Let m be ((-40)/(-18) - -4) + 2/(-9). What is the hundreds digit of 1*2109/12 + m/24?
1
Let p(m) be the first derivative of m**4/12 + m**3 - 2*m**2 - m + 1. Let v(z) be the first derivative of p(z). What is the tens digit of v(-9)?
2
Suppose -4*m + 236 = -3*i, -m + 96 = m + 4*i. What is the tens digit of m?
5
What is the units digit of -4 - -2 - 38826/(-27)?
6
Suppose -4934 - 8331 = -35*k. What is the hundreds digit of k?
3
What is the tens digit of -2358*(-1 - 6/(-9))?
8
Let i(y) = -y**3 - 18*y**2 - 19*y - 15. Let v(g) = -g**2 - 8. Let a be v(3). What is the tens digit of i(a)?
1
Let v = 10 + -9. Let g be 11/(-44)*(v + -13). Suppose -3*f = z + 4, -g*z = -0*f - 2*f - 10. What is the units digit of z?
2
Suppose -557 = -3*y - 5*a, -367 = 18*y - 20*y + a. What is the units digit of y?
4
Let n be 18/(-21)*(-78 + 1). Suppose 2*g - 218 = -n. What is the tens digit of g?
7
Suppose 4*y + 4*r = 2736, -3*r + 1957 + 1453 = 5*y. What is the units digit of y?
9
Suppose -1 - 3 = 2*d. Let s(q) = -4 + 2 + 156*q + 150*q - 317*q. What is the units digit of s(d)?
0
Let p(r) = r**2 - 4. Let s be p(4). Suppose 0*f = 2*f - 4. Let k = f + s. What is the units digit of k?
4
Let u(g) be the second derivative of 35*g**4/6 - g**3/3 + g**2 - 7*g. What is the tens digit of u(1)?
7
Suppose -6 = -3*u, 5*w - 16 = 2*w - 5*u. Suppose -w*s - 3*s - 25 = 0. What is the units digit of -3 + s/(15/(-114))?
5
Suppose -5*u - 5 = 5*v - v, 0 = 4*v + 20. Suppose -u*a - 2*a = -70. What is the units digit of a?
4
Let o(d) = d**3 + 20*d**2 + 37*d + 22. Let f be o(-18). Suppose 4*x - n = -6, 5*x - 4*n + 7*n - 1 = 0. L